{"id":61,"date":"2026-01-27T16:16:41","date_gmt":"2026-01-27T15:16:41","guid":{"rendered":"https:\/\/shop.kp-meble.pl\/?post_type=product&#038;p=61"},"modified":"2026-01-29T07:30:44","modified_gmt":"2026-01-29T06:30:44","slug":"naroznik-santo","status":"publish","type":"product","link":"https:\/\/shop.kp-meble.pl\/?product=naroznik-santo","title":{"rendered":"Naro\u017cnik Santo"},"content":{"rendered":"<h2>Naro\u017cnik Santo<\/h2>\n<p>Naro\u017cnik SANTO to mebel idealny do\u00a0<b>nowoczesnych\u00a0<\/b>wn\u0119trz.\u00a0<b>Solidnie\u00a0<\/b>wykonany, oferuje\u00a0<b>komfort\u00a0<\/b>zar\u00f3wno do siedzenia, jak i spania. Dzi\u0119ki\u00a0<b>kompaktowym\u00a0<\/b>wymiarom i\u00a0<b>wysokiej funkcjonalno\u015bci<\/b>, \u015bwietnie sprawdzi si\u0119 w kawalerkach i mniejszych salonach. W zestawie poduszki Ja\u015bki\u00a0<b>GRATIS.<\/b>\u00a0Bezpo\u015brednia sprzeda\u017c od producenta zapewnia najlepsz\u0105\u00a0<b>cen\u0119\u00a0<\/b>i\u00a0<b>jako\u015b\u0107<\/b>.<\/p>\n","protected":false},"excerpt":{"rendered":"[gallery ids=\"83,84,86,87,85\"]\n","protected":false},"featured_media":83,"comment_status":"open","ping_status":"closed","template":"","meta":{"site-sidebar-layout":"default","site-content-layout":"","ast-site-content-layout":"default","site-content-style":"default","site-sidebar-style":"default","ast-global-header-display":"","ast-banner-title-visibility":"","ast-main-header-display":"","ast-hfb-above-header-display":"","ast-hfb-below-header-display":"","ast-hfb-mobile-header-display":"","site-post-title":"","ast-breadcrumbs-content":"","ast-featured-img":"","footer-sml-layout":"","ast-disable-related-posts":"","theme-transparent-header-meta":"default","adv-header-id-meta":"","stick-header-meta":"","header-above-stick-meta":"","header-main-stick-meta":"","header-below-stick-meta":"","astra-migrate-meta-layouts":"set","ast-page-background-enabled":"default","ast-page-background-meta":{"desktop":{"background-color":"var(--ast-global-color-5)","background-image":"","background-repeat":"repeat","background-position":"center center","background-size":"auto","background-attachment":"scroll","background-type":"","background-media":"","overlay-type":"","overlay-color":"","overlay-opacity":"","overlay-gradient":""},"tablet":{"background-color":"","background-image":"","background-repeat":"repeat","background-position":"center center","background-size":"auto","background-attachment":"scroll","background-type":"","background-media":"","overlay-type":"","overlay-color":"","overlay-opacity":"","overlay-gradient":""},"mobile":{"background-color":"","background-image":"","background-repeat":"repeat","background-position":"center center","background-size":"auto","background-attachment":"scroll","background-type":"","background-media":"","overlay-type":"","overlay-color":"","overlay-opacity":"","overlay-gradient":""}},"ast-content-background-meta":{"desktop":{"background-color":"var(--ast-global-color-4)","background-image":"","background-repeat":"repeat","background-position":"center center","background-size":"auto","background-attachment":"scroll","background-type":"","background-media":"","overlay-type":"","overlay-color":"","overlay-opacity":"","overlay-gradient":""},"tablet":{"background-color":"var(--ast-global-color-4)","background-image":"","background-repeat":"repeat","background-position":"center center","background-size":"auto","background-attachment":"scroll","background-type":"","background-media":"","overlay-type":"","overlay-color":"","overlay-opacity":"","overlay-gradient":""},"mobile":{"background-color":"var(--ast-global-color-4)","background-image":"","background-repeat":"repeat","background-position":"center center","background-size":"auto","background-attachment":"scroll","background-type":"","background-media":"","overlay-type":"","overlay-color":"","overlay-opacity":"","overlay-gradient":""}}},"product_brand":[],"product_cat":[19],"product_tag":[],"class_list":{"0":"post-61","1":"product","2":"type-product","3":"status-publish","4":"has-post-thumbnail","6":"product_cat-narozniki","7":"desktop-align-left","8":"tablet-align-left","9":"mobile-align-left","11":"first","12":"instock","13":"shipping-taxable","14":"purchasable","15":"product-type-simple"},"_links":{"self":[{"href":"https:\/\/shop.kp-meble.pl\/index.php?rest_route=\/wp\/v2\/product\/61","targetHints":{"allow":["GET"]}}],"collection":[{"href":"https:\/\/shop.kp-meble.pl\/index.php?rest_route=\/wp\/v2\/product"}],"about":[{"href":"https:\/\/shop.kp-meble.pl\/index.php?rest_route=\/wp\/v2\/types\/product"}],"replies":[{"embeddable":true,"href":"https:\/\/shop.kp-meble.pl\/index.php?rest_route=%2Fwp%2Fv2%2Fcomments&post=61"}],"wp:featuredmedia":[{"embeddable":true,"href":"https:\/\/shop.kp-meble.pl\/index.php?rest_route=\/wp\/v2\/media\/83"}],"wp:attachment":[{"href":"https:\/\/shop.kp-meble.pl\/index.php?rest_route=%2Fwp%2Fv2%2Fmedia&parent=61"}],"wp:term":[{"taxonomy":"product_brand","embeddable":true,"href":"https:\/\/shop.kp-meble.pl\/index.php?rest_route=%2Fwp%2Fv2%2Fproduct_brand&post=61"},{"taxonomy":"product_cat","embeddable":true,"href":"https:\/\/shop.kp-meble.pl\/index.php?rest_route=%2Fwp%2Fv2%2Fproduct_cat&post=61"},{"taxonomy":"product_tag","embeddable":true,"href":"https:\/\/shop.kp-meble.pl\/index.php?rest_route=%2Fwp%2Fv2%2Fproduct_tag&post=61"}],"curies":[{"name":"wp","href":"https:\/\/api.w.org\/{rel}","templated":true}]}}